420550
What is -750a (base 11) in base 3?
-111121212
Convert 3ce125 (base 16) to base 15.
53c267
What is -123111233 (base 7) in base 10?
-7784507
Convert -22102202211120 (base 3) to base 9.
-8382746
Convert 537501 (base 8) to base 3.
100010221220
-4020241 (base 5) to base 8
-174515
2444003 (base 5) to base 15
dcbd
What is -3568117 (base 11) in base 14?
-b7c359
What is -1a74751 (base 12) in base 13?
-122055a
1201423 (base 8) to base 3
121200120110
What is 10010110110001101 (base 2) in base 10?
77197
-1103222102 (base 5) to base 2
-1001001001100011000010
Convert -72115 (base 13) to base 6.
-4214444
Convert -11301230 (base 4) to base 2.
-101110001101100
231234210 (base 5) to base 2
11111101111000111010
Convert 3a460 (base 12) to base 10.
80136
1010422332 (base 6) to base 2
100111101001000101010000
What is -1a405a (base 11) in base 13?
-ac525
Convert acb053 (base 13) to base 6.
223240225
What is 1021010112 (base 4) in base 2?
1001001000100010110
Convert 34010411 (base 6) to base 14.
1ca83d
Convert 1202121200110 (base 3) to base 11.
5901a8
What is 939611 (base 10) in base 13?
26b8aa
115504432 (base 6) to base 15
2e1845
What is -23234515 (base 6) in base 4?
-2233313033
What is -8baca (base 14) in base 7?
-2613143
15c71 (base 16) to base 13
317a8
What is 66646 (base 13) in base 11?
117506
Convert -3124335 (base 7) to base 8.
-1336445
What is 101001100001101100110 (base 2) in base 6?
45055422
Convert 382350 (base 10) to base 16.
5d58e
What is -320000401 (base 5) in base 11?
-827a09
-8629d (base 16) to base 5
-120041113
-1148a5 (base 15) to base 13
-22b947
-b7698 (base 15) to base 14
-11214d
3302033 (base 5) to base 4
31303012
1401673 (base 9) to base 2
10111011101110010110
-344527 (base 11) to base 2
-10000101101101011011
-2250 (base 14) to base 12
-353a
What is -332566 (base 8) in base 7?
-644334
What is 220101002221 (base 3) in base 10?
479761
-2302300000 (base 4) to base 10
-732160
Convert -5ece (base 16) to base 12.
-12066
Convert -267932 (base 16) to base 6.
-130013042
What is -304402 (base 7) in base 9?
-78277
110110000001011100101 (base 2) to base 8
6601345
Convert 61a10 (base 12) to base 14.
34700
Convert -1120202100220 (base 3) to base 15.
-119523
Convert 619ab (base 12) to base 8.
371123
46173173 (base 8) to base 6
554510015
What is -3a086 (base 12) in base 2?
-10011011011100110
What is 101111000011111010000011 (base 2) in base 9?
25182773
What is -103313213 (base 4) in base 12?
-3b11b
What is 92121 (base 10) in base 16?
167d9
Convert 303850 (base 9) to base 14.
49871
Convert -310255100 (base 6) to base 12.
-1957490
90587 (base 12) to base 7
1410331
Convert 233114130 (base 5) to base 12.
435432
-13112023012 (base 4) to base 15
-28093a
Convert -5323015 (base 6) to base 14.
-6a9b5
What is -13734 (base 11) in base 2?
-100110000111110
Convert 34223052 (base 6) to base 11.
654353
What is -3a707 (base 14) in base 4?
-203023003
Convert -6446564 (base 8) to base 12.
-6b1670
1355465 (base 7) to base 3
100020200222
What is 6770020 (base 8) in base 5?
432042203
14440234 (base 5) to base 13
55b36
Convert -1c513 (base 14) to base 4.
-101222111
Convert -679b26 (base 12) to base 8.
-6241016
Convert 2885514 (base 11) to base 8.
22717435
What is -14a92d0 (base 15) in base 4?
-321011222103
Convert 102101010100222 (base 3) to base 16.
5c3dd1
1272b52 (base 12) to base 8
15671356
Convert 2002000002020 (base 3) to base 4.
10031013210
-210210323 (base 5) to base 9
-1560347
-7089a5 (base 11) to base 10
-1139209
What is -2a8697 (base 15) in base 7?
-23311600
Convert 110513205 (base 6) to base 16.
1e8645
What is 1011110000110010010 (base 2) in base 12?
16706a
120021210022020 (base 3) to base 7
126026556
-4a10c (base 13) to base 10
-136395
What is -100100011110100011100 (base 2) in base 11?
-74704a
111001000010110100 (base 2) to base 13
82473
6b1c5c (base 15) to base 13
10a3184
Convert 4321102 (base 5) to base 15.
16aa2
What is 8285 (base 11) in base 2?
10101011100111
Convert 12120020001 (base 3) to base 4.
122233021
Convert -ca93 (base 15) to base 2.
-1010011110001000
-241430521 (base 6) to base 16
-4597b1
-3142423202 (base 5) to base 16
-64d437
Convert e8a5d (base 16) to base 4.
3220221131
What is 1602062 (base 10) in base 4?
12013020032
Convert 717458 (base 11) to base 14.
21dabc
Convert 12201001000011 (base 3) to base 15.
3ed52a
What is -7912 (base 12) in base 2?
-11010001011110
Convert 117323 (base 10) to base 2.
11100101001001011
Convert 3433633 (base 9) to base 11.
105612a
7c1546 (base 15) to base 13
12c7113
34124626 (base 7) to base 11
1745319
Convert 1400a4 (base 15) to base 12.
3a4891
What is 31131221332 (base 4) in base 12?
122253a
340441542 (base 6) to base 2
10111101000100001100110
14106046 (base 7) to base 3
2110201011001
What is -364233 (base 7) in base 16?
-10311
Convert 6914a3 (base 11) to base 13.
2c68b8
What is -112021211212012 (base 3) in base 16?
-73e27b
Convert -2130311 (base 5) to base 14.
-d351
What is 141004413 (base 5) in base 11?
451512
-109709 (base 15) to base 3
-1111012111200
Convert -8d4b73 (base 14) to base 7.
-55633403
-100011110111110 (base 2) to base 16
-47be
What is 360743 (base 9) in base 15?
444e9
Convert -c3b7cb (base 13) to base 4.
-101122322330
Convert -57760 (base 12) to base 9.
-187260
Convert cca4 (base 15) to base 3.
2012110201
What is 55990 (base 16) in base 4?
1111212100
-40bb08 (base 12) to base 5
-230002203
What is 10211020012122 (base 3) in base 11?
116863a
What is 7b735 (base 12) in base 3?
22101121212
210b14 (base 13) to base 7
6366466
What is -5b40 (base 13) in base 6?
-135412
-123512 (base 11) to base 15
-3cb64
153954a (base 12) to base 3
22002220101211
Convert -6188636 (base 9) to base 2.
-1100100111010000100110
What is -7207627 (base 9) in base 4?
-32222123113
Convert 10334255 (base 6) to base 15.
61468
Convert 440471 (base 8) to base 14.
3bbcd
Convert 31130 (base 13) to base 10.
88088
What is 744775 (base 12) in base 6?
103141025
Convert -100326 (base 13) to base 14.
-99716
What is -203434222 (base 5) in base 12?
-347a72
Convert -24c57b (base 15) to base 8.
-6563257
33010310 (base 4) to base 13
2214b
-2b283b (base 14) to base 6
-52133045
What is 16073163 (base 10) in base 15?
1627643
194026 (base 10) to base 7
1435450
Convert -61485a (base 11) to base 8.
-3610250
Convert -1323123 (base 5) to base 10.
-26663
Convert -10122222120 (base 3) to base 9.
-118876
1012605 (base 7) to base 16
1d8cb
What is 2670132 (base 8) in base 13?
2032b0
Convert -122146 (base 14) to base 10.
-620402
Convert 1244955 (base 10) to base 12.
500563
Convert 535235301 (base 6) to base 3.
122212020022001
Convert -54658 (base 10) to base 14.
-15cc2
Convert 4a151 (base 11) to base 2.
10001100101110011
-4eef (base 16) to base 10
-20207
What is -53304616 (base 7) in base 3?
-22111210001201
Convert 10101111100011111 (base 2) to base 6.
1532051
What is -1400410 (base 6) in base 2?
-10011000001010110
What is -67a709 (base 13) in base 6?
-124310303
What is 3ee904 (base 15) in base 8?
13451772
-341051 (base 7) to base 13
-21656
Convert 11110010011 (base 2) to base 14.
9c7
What is -26042323 (base 7) in base 6?
-122353454
17868673 (base 9) to base 13
1b3b1b4
What is 526063 (base 9) in base 10?
312798
11560a (base 13) to base 10
411863
-2a2cb0 (base 13) to base 9
-1846374
Convert 29b31b (base 15) to base 16.
1eb429
-342715 (base 12) to base 4
-3023212001
23333333200 (base 4) to base 5
1301130241
-14554535 (base 6) to base 12
-208a4b
Convert 3212011 (base 4) to base 3.
202012101
What is 3fb5 (base 16) in base 11?
11287
121044122 (base 6) to base 11
1326217
Convert -90968 (base 10) to base 7.
-526133
Convert 7e7e8 (base 16) to base 4.
1332133220
Convert -36311100 (base 7) to base 6.
-153120253
What is -542214 (base 8) in base 11?
-114309
What is -1055130 (base 9) in base 11?
-358823
Convert -23365634 (base 8) to base 15.
-6ad0e3
What is -9077171 (base 10) in base 7?
-140104025
What is -140660 (base 9) in base 8?
-247511
1163 (base 9) to base 7
2346
Convert -1d8485 (base 14) to base 4.
-10002303311
Convert -28f1a (base 16) to base 10.
-167706
Convert 5a068 (base 13) to base 11.
102954
What is 14777313 (base 8) in base 7?
40651405
What is -2253441 (base 7) in base 13?
-9b586
What is 1b905 (base 15) in base 16?
15eb4
Convert -414053521 (base 6) to base 1